{"id":3461,"date":"2026-03-13T13:38:40","date_gmt":"2026-03-13T12:38:40","guid":{"rendered":"https:\/\/apdeyna.pl\/?page_id=3461"},"modified":"2026-03-13T14:31:17","modified_gmt":"2026-03-13T13:31:17","slug":"obozy-2026","status":"publish","type":"page","link":"https:\/\/apdeyna.pl\/en\/obozy-2026\/","title":{"rendered":"Obozy 2026"},"content":{"rendered":"<div data-elementor-type=\"wp-page\" data-elementor-id=\"3461\" class=\"elementor elementor-3461\" data-elementor-post-type=\"page\">\n\t\t\t\t\t\t<section class=\"elementor-section elementor-top-section elementor-element elementor-element-7390dee elementor-section-boxed elementor-section-height-default elementor-section-height-default\" data-id=\"7390dee\" data-element_type=\"section\">\n\t\t\t\t\t\t<div class=\"elementor-container elementor-column-gap-default\">\n\t\t\t\t\t<div class=\"elementor-column elementor-col-100 elementor-top-column elementor-element elementor-element-f41ac6f\" data-id=\"f41ac6f\" data-element_type=\"column\">\n\t\t\t<div class=\"elementor-widget-wrap elementor-element-populated\">\n\t\t\t\t\t\t\t<\/div>\n\t\t<\/div>\n\t\t\t\t\t<\/div>\n\t\t<\/section>\n\t\t\t\t<\/div>","protected":false},"excerpt":{"rendered":"","protected":false},"author":1,"featured_media":0,"parent":0,"menu_order":0,"comment_status":"closed","ping_status":"closed","template":"","meta":{"footnotes":""},"class_list":["post-3461","page","type-page","status-publish","hentry"],"yoast_head":"<!-- This site is optimized with the Yoast SEO plugin v27.5 - https:\/\/yoast.com\/product\/yoast-seo-wordpress\/ -->\n<title>Letnie Obozy 2026 sportowe dla dzieci AP Deyna Warszawa<\/title>\n<meta name=\"description\" content=\"Zapraszamy na najlepsze obozy pi\u0142karskie w Polsce! Nie czekaj i zapisz swoje dziecko. Na ka\u017cdym wyje\u017adzie gwarantujemy dobr\u0105 zabaw\u0119!\" \/>\n<meta name=\"robots\" content=\"index, follow, max-snippet:-1, max-image-preview:large, max-video-preview:-1\" \/>\n<link rel=\"canonical\" href=\"https:\/\/apdeyna.pl\/en\/obozy-2026\/\" \/>\n<meta property=\"og:locale\" content=\"en_US\" \/>\n<meta property=\"og:type\" content=\"article\" \/>\n<meta property=\"og:title\" content=\"Letnie Obozy 2026 sportowe dla dzieci AP Deyna Warszawa\" \/>\n<meta property=\"og:description\" content=\"Zapraszamy na najlepsze obozy pi\u0142karskie w Polsce! Nie czekaj i zapisz swoje dziecko. Na ka\u017cdym wyje\u017adzie gwarantujemy dobr\u0105 zabaw\u0119!\" \/>\n<meta property=\"og:url\" content=\"https:\/\/apdeyna.pl\/en\/obozy-2026\/\" \/>\n<meta property=\"og:site_name\" content=\"AP Deyna\" \/>\n<meta property=\"article:publisher\" content=\"https:\/\/www.facebook.com\/apdeynapl\" \/>\n<meta property=\"article:modified_time\" content=\"2026-03-13T13:31:17+00:00\" \/>\n<meta name=\"twitter:card\" content=\"summary_large_image\" \/>\n<script type=\"application\/ld+json\" class=\"yoast-schema-graph\">{\"@context\":\"https:\\\/\\\/schema.org\",\"@graph\":[{\"@type\":\"WebPage\",\"@id\":\"https:\\\/\\\/apdeyna.pl\\\/obozy-2026\\\/\",\"url\":\"https:\\\/\\\/apdeyna.pl\\\/obozy-2026\\\/\",\"name\":\"Letnie Obozy 2026 sportowe dla dzieci AP Deyna Warszawa\",\"isPartOf\":{\"@id\":\"https:\\\/\\\/apdeyna.pl\\\/#website\"},\"datePublished\":\"2026-03-13T12:38:40+00:00\",\"dateModified\":\"2026-03-13T13:31:17+00:00\",\"description\":\"Zapraszamy na najlepsze obozy pi\u0142karskie w Polsce! Nie czekaj i zapisz swoje dziecko. Na ka\u017cdym wyje\u017adzie gwarantujemy dobr\u0105 zabaw\u0119!\",\"breadcrumb\":{\"@id\":\"https:\\\/\\\/apdeyna.pl\\\/obozy-2026\\\/#breadcrumb\"},\"inLanguage\":\"en-US\",\"potentialAction\":[{\"@type\":\"ReadAction\",\"target\":[\"https:\\\/\\\/apdeyna.pl\\\/obozy-2026\\\/\"]}]},{\"@type\":\"BreadcrumbList\",\"@id\":\"https:\\\/\\\/apdeyna.pl\\\/obozy-2026\\\/#breadcrumb\",\"itemListElement\":[{\"@type\":\"ListItem\",\"position\":1,\"name\":\"Strona g\u0142\u00f3wna\",\"item\":\"https:\\\/\\\/apdeyna.pl\\\/\"},{\"@type\":\"ListItem\",\"position\":2,\"name\":\"Obozy 2026\"}]},{\"@type\":\"WebSite\",\"@id\":\"https:\\\/\\\/apdeyna.pl\\\/#website\",\"url\":\"https:\\\/\\\/apdeyna.pl\\\/\",\"name\":\"AP Deyna\",\"description\":\"AKADEMIA PI\u0141KARSKA IM. KAZIMIERZA DEYNY\",\"publisher\":{\"@id\":\"https:\\\/\\\/apdeyna.pl\\\/#organization\"},\"potentialAction\":[{\"@type\":\"SearchAction\",\"target\":{\"@type\":\"EntryPoint\",\"urlTemplate\":\"https:\\\/\\\/apdeyna.pl\\\/?s={search_term_string}\"},\"query-input\":{\"@type\":\"PropertyValueSpecification\",\"valueRequired\":true,\"valueName\":\"search_term_string\"}}],\"inLanguage\":\"en-US\"},{\"@type\":\"Organization\",\"@id\":\"https:\\\/\\\/apdeyna.pl\\\/#organization\",\"name\":\"AP Deyna\",\"url\":\"https:\\\/\\\/apdeyna.pl\\\/\",\"logo\":{\"@type\":\"ImageObject\",\"inLanguage\":\"en-US\",\"@id\":\"https:\\\/\\\/apdeyna.pl\\\/#\\\/schema\\\/logo\\\/image\\\/\",\"url\":\"https:\\\/\\\/apdeyna.pl\\\/wp-content\\\/uploads\\\/2023\\\/06\\\/cropped-favicon_apdeyna.png\",\"contentUrl\":\"https:\\\/\\\/apdeyna.pl\\\/wp-content\\\/uploads\\\/2023\\\/06\\\/cropped-favicon_apdeyna.png\",\"width\":512,\"height\":512,\"caption\":\"AP Deyna\"},\"image\":{\"@id\":\"https:\\\/\\\/apdeyna.pl\\\/#\\\/schema\\\/logo\\\/image\\\/\"},\"sameAs\":[\"https:\\\/\\\/www.facebook.com\\\/apdeynapl\",\"https:\\\/\\\/www.youtube.com\\\/@APDeyna\"]}]}<\/script>\n<!-- \/ Yoast SEO plugin. -->","yoast_head_json":{"title":"Letnie Obozy 2026 sportowe dla dzieci AP Deyna Warszawa","description":"Zapraszamy na najlepsze obozy pi\u0142karskie w Polsce! Nie czekaj i zapisz swoje dziecko. Na ka\u017cdym wyje\u017adzie gwarantujemy dobr\u0105 zabaw\u0119!","robots":{"index":"index","follow":"follow","max-snippet":"max-snippet:-1","max-image-preview":"max-image-preview:large","max-video-preview":"max-video-preview:-1"},"canonical":"https:\/\/apdeyna.pl\/en\/obozy-2026\/","og_locale":"en_US","og_type":"article","og_title":"Letnie Obozy 2026 sportowe dla dzieci AP Deyna Warszawa","og_description":"Zapraszamy na najlepsze obozy pi\u0142karskie w Polsce! Nie czekaj i zapisz swoje dziecko. Na ka\u017cdym wyje\u017adzie gwarantujemy dobr\u0105 zabaw\u0119!","og_url":"https:\/\/apdeyna.pl\/en\/obozy-2026\/","og_site_name":"AP Deyna","article_publisher":"https:\/\/www.facebook.com\/apdeynapl","article_modified_time":"2026-03-13T13:31:17+00:00","twitter_card":"summary_large_image","schema":{"@context":"https:\/\/schema.org","@graph":[{"@type":"WebPage","@id":"https:\/\/apdeyna.pl\/obozy-2026\/","url":"https:\/\/apdeyna.pl\/obozy-2026\/","name":"Letnie Obozy 2026 sportowe dla dzieci AP Deyna Warszawa","isPartOf":{"@id":"https:\/\/apdeyna.pl\/#website"},"datePublished":"2026-03-13T12:38:40+00:00","dateModified":"2026-03-13T13:31:17+00:00","description":"Zapraszamy na najlepsze obozy pi\u0142karskie w Polsce! Nie czekaj i zapisz swoje dziecko. Na ka\u017cdym wyje\u017adzie gwarantujemy dobr\u0105 zabaw\u0119!","breadcrumb":{"@id":"https:\/\/apdeyna.pl\/obozy-2026\/#breadcrumb"},"inLanguage":"en-US","potentialAction":[{"@type":"ReadAction","target":["https:\/\/apdeyna.pl\/obozy-2026\/"]}]},{"@type":"BreadcrumbList","@id":"https:\/\/apdeyna.pl\/obozy-2026\/#breadcrumb","itemListElement":[{"@type":"ListItem","position":1,"name":"Strona g\u0142\u00f3wna","item":"https:\/\/apdeyna.pl\/"},{"@type":"ListItem","position":2,"name":"Obozy 2026"}]},{"@type":"WebSite","@id":"https:\/\/apdeyna.pl\/#website","url":"https:\/\/apdeyna.pl\/","name":"AP Deyna","description":"AKADEMIA PI\u0141KARSKA IM. KAZIMIERZA DEYNY","publisher":{"@id":"https:\/\/apdeyna.pl\/#organization"},"potentialAction":[{"@type":"SearchAction","target":{"@type":"EntryPoint","urlTemplate":"https:\/\/apdeyna.pl\/?s={search_term_string}"},"query-input":{"@type":"PropertyValueSpecification","valueRequired":true,"valueName":"search_term_string"}}],"inLanguage":"en-US"},{"@type":"Organization","@id":"https:\/\/apdeyna.pl\/#organization","name":"AP Deyna","url":"https:\/\/apdeyna.pl\/","logo":{"@type":"ImageObject","inLanguage":"en-US","@id":"https:\/\/apdeyna.pl\/#\/schema\/logo\/image\/","url":"https:\/\/apdeyna.pl\/wp-content\/uploads\/2023\/06\/cropped-favicon_apdeyna.png","contentUrl":"https:\/\/apdeyna.pl\/wp-content\/uploads\/2023\/06\/cropped-favicon_apdeyna.png","width":512,"height":512,"caption":"AP Deyna"},"image":{"@id":"https:\/\/apdeyna.pl\/#\/schema\/logo\/image\/"},"sameAs":["https:\/\/www.facebook.com\/apdeynapl","https:\/\/www.youtube.com\/@APDeyna"]}]}},"_links":{"self":[{"href":"https:\/\/apdeyna.pl\/en\/wp-json\/wp\/v2\/pages\/3461","targetHints":{"allow":["GET"]}}],"collection":[{"href":"https:\/\/apdeyna.pl\/en\/wp-json\/wp\/v2\/pages"}],"about":[{"href":"https:\/\/apdeyna.pl\/en\/wp-json\/wp\/v2\/types\/page"}],"author":[{"embeddable":true,"href":"https:\/\/apdeyna.pl\/en\/wp-json\/wp\/v2\/users\/1"}],"replies":[{"embeddable":true,"href":"https:\/\/apdeyna.pl\/en\/wp-json\/wp\/v2\/comments?post=3461"}],"version-history":[{"count":7,"href":"https:\/\/apdeyna.pl\/en\/wp-json\/wp\/v2\/pages\/3461\/revisions"}],"predecessor-version":[{"id":3469,"href":"https:\/\/apdeyna.pl\/en\/wp-json\/wp\/v2\/pages\/3461\/revisions\/3469"}],"wp:attachment":[{"href":"https:\/\/apdeyna.pl\/en\/wp-json\/wp\/v2\/media?parent=3461"}],"curies":[{"name":"wp","href":"https:\/\/api.w.org\/{rel}","templated":true}]}}

<!-- This site is optimized with the Yoast SEO plugin v27.5 - https://yoast.com/product/yoast-seo-wordpress/ -->
<title>Letnie Obozy 2026 sportowe dla dzieci AP Deyna Warszawa</title>
<meta name="description" content="Zapraszamy na najlepsze obozy piłkarskie w Polsce! Nie czekaj i zapisz swoje dziecko. Na każdym wyjeździe gwarantujemy dobrą zabawę!" />
<meta name="robots" content="index, follow, max-snippet:-1, max-image-preview:large, max-video-preview:-1" />
<link rel="canonical" href="https://apdeyna.pl/en/obozy-2026/" />
<meta property="og:locale" content="en_US" />
<meta property="og:type" content="article" />
<meta property="og:title" content="Letnie Obozy 2026 sportowe dla dzieci AP Deyna Warszawa" />
<meta property="og:description" content="Zapraszamy na najlepsze obozy piłkarskie w Polsce! Nie czekaj i zapisz swoje dziecko. Na każdym wyjeździe gwarantujemy dobrą zabawę!" />
<meta property="og:url" content="https://apdeyna.pl/en/obozy-2026/" />
<meta property="og:site_name" content="AP Deyna" />
<meta property="article:publisher" content="https://www.facebook.com/apdeynapl" />
<meta property="article:modified_time" content="2026-03-13T13:31:17+00:00" />
<meta name="twitter:card" content="summary_large_image" />
<script type="application/ld+json" class="yoast-schema-graph">{"@context":"https:\/\/schema.org","@graph":[{"@type":"WebPage","@id":"https:\/\/apdeyna.pl\/obozy-2026\/","url":"https:\/\/apdeyna.pl\/obozy-2026\/","name":"Letnie Obozy 2026 sportowe dla dzieci AP Deyna Warszawa","isPartOf":{"@id":"https:\/\/apdeyna.pl\/#website"},"datePublished":"2026-03-13T12:38:40+00:00","dateModified":"2026-03-13T13:31:17+00:00","description":"Zapraszamy na najlepsze obozy piłkarskie w Polsce! Nie czekaj i zapisz swoje dziecko. Na każdym wyjeździe gwarantujemy dobrą zabawę!","breadcrumb":{"@id":"https:\/\/apdeyna.pl\/obozy-2026\/#breadcrumb"},"inLanguage":"en-US","potentialAction":[{"@type":"ReadAction","target":["https:\/\/apdeyna.pl\/obozy-2026\/"]}]},{"@type":"BreadcrumbList","@id":"https:\/\/apdeyna.pl\/obozy-2026\/#breadcrumb","itemListElement":[{"@type":"ListItem","position":1,"name":"Strona główna","item":"https:\/\/apdeyna.pl\/"},{"@type":"ListItem","position":2,"name":"Obozy 2026"}]},{"@type":"WebSite","@id":"https:\/\/apdeyna.pl\/#website","url":"https:\/\/apdeyna.pl\/","name":"AP Deyna","description":"AKADEMIA PIŁKARSKA IM. KAZIMIERZA DEYNY","publisher":{"@id":"https:\/\/apdeyna.pl\/#organization"},"potentialAction":[{"@type":"SearchAction","target":{"@type":"EntryPoint","urlTemplate":"https:\/\/apdeyna.pl\/?s={search_term_string}"},"query-input":{"@type":"PropertyValueSpecification","valueRequired":true,"valueName":"search_term_string"}}],"inLanguage":"en-US"},{"@type":"Organization","@id":"https:\/\/apdeyna.pl\/#organization","name":"AP Deyna","url":"https:\/\/apdeyna.pl\/","logo":{"@type":"ImageObject","inLanguage":"en-US","@id":"https:\/\/apdeyna.pl\/#\/schema\/logo\/image\/","url":"https:\/\/apdeyna.pl\/wp-content\/uploads\/2023\/06\/cropped-favicon_apdeyna.png","contentUrl":"https:\/\/apdeyna.pl\/wp-content\/uploads\/2023\/06\/cropped-favicon_apdeyna.png","width":512,"height":512,"caption":"AP Deyna"},"image":{"@id":"https:\/\/apdeyna.pl\/#\/schema\/logo\/image\/"},"sameAs":["https:\/\/www.facebook.com\/apdeynapl","https:\/\/www.youtube.com\/@APDeyna"]}]}</script>
<!-- / Yoast SEO plugin. -->

Zapraszamy na najlepsze obozy piłkarskie w Polsce! Nie czekaj i zapisz swoje dziecko. Na każdym wyjeździe gwarantujemy dobrą zabawę!

Strona główna

AKADEMIA PIŁKARSKA IM. KAZIMIERZA DEYNY
